2646?
True
Is 8 a factor of 8722?
False
Is 780 a multiple of 30?
True
Is 2320 a multiple of 20?
True
Does 5 divide 64?
False
Is 9 a factor of 20043?
True
Is 9522 a multiple of 207?
True
Does 22 divide 750?
False
Is 9 a factor of 980?
False
Is 3 a factor of 2895?
True
Is 45 a factor of 945?
True
Is 9 a factor of 517?
False
Is 71 a factor of 22791?
True
Does 4 divide 180?
True
Does 192 divide 13824?
True
Is 257 a multiple of 15?
False
Is 11 a factor of 1727?
True
Is 4 a factor of 1891?
False
Does 45 divide 15030?
True
Does 28 divide 41440?
True
Is 2359 a multiple of 16?
False
Is 33 a factor of 99?
True
Does 9 divide 8496?
True
Is 768 a multiple of 16?
True
Is 112 a factor of 17028?
False
Does 29 divide 2431?
False
Is 624 a multiple of 24?
True
Is 10 a factor of 1035?
False
Is 567 a multiple of 4?
False
Is 59 a multiple of 4?
False
Is 1538 a multiple of 13?
False
Is 57104 a multiple of 22?
False
Is 1199 a multiple of 11?
True
Is 10 a factor of 830?
True
Is 33142 a multiple of 62?
False
Does 172 divide 11008?
True
Is 112 a factor of 45248?
True
Is 4 a factor of 1260?
True
Is 33280 a multiple of 160?
True
Is 25 a factor of 1225?
True
Is 13 a factor of 5850?
True
Does 7 divide 2387?
True
Is 4 a factor of 8692?
True
Does 21 divide 22932?
True
Is 3377 a multiple of 9?
False
Is 720 a multiple of 40?
True
Is 27 a factor of 57483?
True
Is 3 a factor of 4372?
False
Is 266 even?
True
Does 38 divide 3778?
False
Does 6 divide 485?
False
Is 168 a multiple of 12?
True
Does 21 divide 956?
False
Is 9665 a multiple of 5?
True
Does 49 divide 735?
True
Does 47 divide 347?
False
Is 7 a factor of 646?
False
Does 17 divide 2948?
False
Does 39 divide 969?
False
Is 2314 a multiple of 89?
True
Is 3 a factor of 1966?
False
Is 658 a multiple of 21?
False
Is 49 a factor of 2009?
True
Does 12 divide 516?
True
Is 25714 a multiple of 86?
True
Does 6 divide 744?
True
Is 1425 a multiple of 27?
False
Is 11 a factor of 3783?
False
Is 14885 a multiple of 62?
False
Does 5 divide 8?
False
Is 10 a factor of 292?
False
Is 13048 a multiple of 7?
True
Is 3933 a multiple of 171?
True
Is 60 a multiple of 15?
True
Does 18 divide 12741?
False
Does 29 divide 319?
True
Is 70 a multiple of 2?
True
Is 51984 a multiple of 57?
True
Is 57 a factor of 71303?
False
Does 36 divide 756?
True
Does 157 divide 18683?
True
Does 56 divide 10122?
False
Does 16 divide 1440?
True
Is 34 a factor of 40018?
True
Is 360 a multiple of 4?
True
Is 37 a factor of 548?
False
Is 246 a multiple of 20?
False
Is 3953 a multiple of 17?
False
Is 79 a factor of 23542?
True
Does 3 divide 121?
False
Does 10 divide 187?
False
Is 3822 a multiple of 7?
True
Is 897 even?
False
Does 13 divide 19634?
False
Does 46 divide 12880?
True
Is 35 a factor of 770?
True
Is 17938 a multiple of 74?
False
Does 29 divide 139?
False
Is 16 a factor of 1152?
True
Is 588 a multiple of 28?
True
Is 5 a factor of 1966?
False
Is 10339 a multiple of 49?
True
Is 6454 a multiple of 53?
False
Is 13135 a multiple of 7?
False
Is 20 a factor of 1430?
False
Is 12 a factor of 408?
True
Is 20 a factor of 2157?
False
Is 22949 a multiple of 32?
False
Is 768 a multiple of 4?
True
Is 55 a factor of 5493?
False
Is 1587 a multiple of 69?
True
Is 1887 a multiple of 13?
False
Is 6192 a multiple of 129?
True
Is 28 a factor of 80304?
True
Is 288 a factor of 47520?
True
Is 2412 a multiple of 34?
False
Does 4 divide 75?
False
Does 34 divide 782?
True
Is 18 a factor of 1422?
True
Does 19 divide 456?
True
Does 4 divide 540?
True
Does 20 divide 7280?
True
Is 10859 a multiple of 84?
False
Does 22 divide 34980?
True
Does 75 divide 3752?
False
Is 8690 a multiple of 15?
False
Does 48 divide 3936?
True
Is 284 a multiple of 13?
False
Does 11 divide 99?
True
Does 40 divide 33859?
False
Is 66 a factor of 102?
False
Is 7790 a multiple of 38?
True
Does 23 divide 10428?
False
Does 78 divide 29663?
False
Does 125 divide 2714?
False
Is 24815 a multiple of 35?
True
Does 19 divide 627?
True
Is 2142 a multiple of 14?
True
Is 6053 a multiple of 99?
False
Is 169 a factor of 3042?
True
Does 11 divide 1056?
True
Does 24 divide 2278?
False
Does 20 divide 623?
False
Does 47 divide 17787?
False
Is 9 a factor of 3816?
True
Is 14 a factor of 882?
True
Is 144760 a multiple of 44?
True
Is 43 a factor of 12513?
True
Does 7 divide 1211?
True
Does 34 divide 3964?
False
Is 468 a multiple of 13?
True
Is 45 a factor of 1530?
True
Does 17 divide 8500?
True
Does 71 divide 64279?
False
Is 814 a multiple of 9?
False
Is 7 a factor of 39149?
False
Is 192 a multiple of 96?
True
Is 838 a multiple of 12?
False
Is 29410 a multiple of 173?
True
Does 106 divide 730?
False
Is 61 a factor of 34526?
True
Is 5887 a multiple of 104?
False
Is 19 a factor of 6346?
True
Does 3 divide 584?
False
Is 109 a factor of 52475?
False
Is 67 a factor of 4356?
False
Is 1005 a multiple of 15?
True
Does 45 divide 886?
False
Is 2682 a multiple of 85?
False
Is 99 a factor of 5742?
True
Is 116 a multiple of 58?
True
Is 325 a multiple of 25?
True
Is 345 a multiple of 5?
True
Does 188 divide 90052?
True
Is 19 a factor of 220?
False
Is 56 a factor of 64831?
False
Is 12 a factor of 108?
True
Does 9 divide 488?
False
Does 12 divide 1172?
False
Is 48 a multiple of 48?
True
Does 5 divide 143?
False
Is 3904 a multiple of 13?
False
Is 28357 a multiple of 23?
False
Is 10 a factor of 26920?
True
Does 5 divide 830?
True
Does 28 divide 5544?
True
Is 752 a multiple of 85?
False
Is 1207 a multiple of 6?
False
Is 35 a factor of 26775?
True
Is 3097 a multiple of 19?
True
Is 5571 a multiple of 37?
False
Is 2 a factor of 236?
True
Is 29622 a multiple of 14?
False
Is 34413 a multiple of 22?
False
Does 5 divide 50?
True
Does 102 divide 14406?
False
Is 122 a multiple of 24?
False
Is 961 a multiple of 16?
False
Does 34 divide 6120?
True
Is 16313 a multiple of 4?
False
Does 8 divide 1535?
False
Does 20 divide 97029?
False
Is 469 a multiple of 28?
False
Is 7 a factor of 194?
False
Is 24 a factor of 7718?
False
Is 7 a factor of 3347?
False
Does 9 divide 57?
False
Is 40 a factor of 78320?
True
Is 86706 a multiple of 49?
False
Is 37 a factor of 16465?
True
Is 53 a factor of 13409?
True
Is 85128 a multiple of 115?
False
Is 1206 a multiple of 18?
True
Does 6 divide 24044?
False
Is 385 a multiple of 51?
False
Is 2465 a multiple of 8?
False
Is 115 a multiple of 73?
False
Is 2880 a multiple of 40?
True
Does 86 divide 2070?
False
Is 59 a factor of 1774?
False
Does 21 divide 1373?
False
Is 2487 a multiple of 11?
False
Does 16 divide 537?
False
Is 6298 a multiple of 47?
True
Is 43 a factor of 2368?
False
Is 30508 a multiple of 41?
False
Does 13 divide 11102?
True
Does 25 divide 31458?
False
Is 17 a factor of 3094?
True
Is 56490 a multiple of 35?
True
Is 1032 a multiple of 4?
True
Is 13 a factor of 6318?
True
Is 12 a factor of 16836?
True
Does 113 divide 36117?
False
Is 20 a factor of 27720?
True
Is 53 a factor of 672?
False
Is 17 a factor of 69394?
True
Does 7 divide 4071?
False
Does 21 divide 357?
True
Is 13 a factor of 364?
True
Is 33 a factor of 561?
True
Is 479 a multiple of 9?
False
Does 20 divide 1600?
True
Does 53 divide 15839?
False
Does 19 divide 109212?
True
Is 1820 a multiple of 5?
True
Does 13 divide 4807?
False
Is 1330 a multiple of 50?
False
Is 9506 a multiple of 7?
True
Does 6 divide 1252?
False
Does 93 divide 19623?
True
Is 4 a factor of 2459?
False
Is 41 a factor of 56539?
True
Is 41 a factor of 476?
False
Is 10 a factor of 3240?
True
Is 22 a factor of 341?
False
Is 9671 a multiple of 19?
True
Is 38 a factor of 76?
True
Is 13650 a multiple of 105?
True
Is 78 a factor of 6864?
True
Does 54 divide 972?
True
Is 14 a factor of 4662?
True
Is 6 a factor of 858?
True
Is 63 a multiple of 7?
True
Does 46 divide 83?
False
Does 13 divide 9976?
False
Is 9 a factor of 4183?
False
Does 77 divide 3003?
True
Is 4361 a multiple of 5?
False
Is 8 a factor of 6599?
False
Is 3229 a multiple of 160?
False
Is 34070 a multiple of 20?
False
Does 7 divide 9177?
True
Is 60 a factor of 6915?
False
Is 15434 a multiple of 12?
False
Is 2773 a multiple of 9?
False
Is 3370 a multiple of 80?
False
Is 1276 a multiple of 9?
False
Is 74 a factor of 2590?
True
Does 39 divide 8346?
True
Does 15 divide 375?
True
Does 3 divide 23219?
False
Does 18 divide 1368?
True
Does 12 divide 5342?
False
Is 427 a 